{"id":280887,"date":"2025-12-17T23:55:00","date_gmt":"2025-12-18T02:55:00","guid":{"rendered":"https:\/\/informaticala.udec.cl\/?page_id=280887"},"modified":"2026-04-28T15:48:31","modified_gmt":"2026-04-28T18:48:31","slug":"vinculacion-con-el-medio","status":"publish","type":"page","link":"https:\/\/informaticala.udec.cl\/index.php\/vinculacion-con-el-medio\/","title":{"rendered":"Vinculaci\u00f3n con el Medio"},"content":{"rendered":"<p>[et_pb_section fb_built=&#8221;1&#8243; fullwidth=&#8221;on&#8221; admin_label=&#8221;Page Header&#8221; _builder_version=&#8221;4.27.5&#8243; background_image=&#8221;https:\/\/informaticala.udec.cl\/wp-content\/uploads\/2025\/12\/fvinculacion.jpg&#8221; parallax=&#8221;on&#8221; animation_direction=&#8221;top&#8221; locked=&#8221;off&#8221; global_colors_info=&#8221;{}&#8221;][et_pb_fullwidth_header title=&#8221;@ET-DC@eyJkeW5hbWljIjp0cnVlLCJjb250ZW50IjoicG9zdF90aXRsZSIsInNldHRpbmdzIjp7ImJlZm9yZSI6IiIsImFmdGVyIjoiIn19@&#8221; scroll_down_icon_size=&#8221;48px&#8221; admin_label=&#8221;Hero Section&#8221; _builder_version=&#8221;4.27.4&#8243; _dynamic_attributes=&#8221;title&#8221; title_font=&#8221;&#8211;et_global_body_font|600|||||||&#8221; title_font_size=&#8221;36px&#8221; title_line_height=&#8221;1.4em&#8221; content_font_size=&#8221;22px&#8221; content_line_height=&#8221;1.8em&#8221; subhead_font=&#8221;||||&#8221; background_color=&#8221;rgba(255, 255, 255, 0)&#8221; use_background_color_gradient=&#8221;on&#8221; background_color_gradient_stops=&#8221;rgba(44,36,158,0.93) 0%|rgba(73,108,220,0.7) 100%&#8221; background_color_gradient_start=&#8221;rgba(58,52,226,0.93)&#8221; background_color_gradient_end=&#8221;rgba(73,108,220,0.7)&#8221; background_size=&#8221;initial&#8221; background_position=&#8221;top_left&#8221; background_repeat=&#8221;repeat&#8221; button_one_text_size=&#8221;16px&#8221; button_one_bg_color=&#8221;#6eba01&#8243; button_one_border_width=&#8221;2px&#8221; button_one_border_color=&#8221;#6eba01&#8243; button_one_border_radius=&#8221;0&#8243; button_one_letter_spacing=&#8221;2&#8243; button_one_font=&#8221;Montserrat|||on|&#8221; button_one_use_icon=&#8221;off&#8221; button_two_text_size=&#8221;16px&#8221; button_two_border_width=&#8221;2px&#8221; button_two_border_color=&#8221;#ffffff&#8221; button_two_border_radius=&#8221;0&#8243; button_two_letter_spacing=&#8221;2&#8243; button_two_font=&#8221;Montserrat|||on|&#8221; button_two_use_icon=&#8221;off&#8221; module_alignment=&#8221;center&#8221; custom_padding=&#8221;0vw||0vw||true|false&#8221; animation_style=&#8221;fade&#8221; button_one_text_color_hover=&#8221;#6eba01&#8243; button_two_text_color_hover=&#8221;#6eba01&#8243; button_one_border_color_hover=&#8221;#ffffff&#8221; button_two_border_color_hover=&#8221;#ffffff&#8221; button_one_border_radius_hover=&#8221;0&#8243; button_two_border_radius_hover=&#8221;0&#8243; button_one_letter_spacing_hover=&#8221;2&#8243; button_two_letter_spacing_hover=&#8221;2&#8243; button_one_bg_color_hover=&#8221;#ffffff&#8221; button_two_bg_color_hover=&#8221;#ffffff&#8221; global_colors_info=&#8221;{}&#8221; button_one_text_size__hover_enabled=&#8221;off&#8221; button_two_text_size__hover_enabled=&#8221;off&#8221; button_one_text_color__hover_enabled=&#8221;on&#8221; button_one_text_color__hover=&#8221;#6eba01&#8243; button_two_text_color__hover_enabled=&#8221;on&#8221; button_two_text_color__hover=&#8221;#6eba01&#8243; button_one_border_width__hover_enabled=&#8221;off&#8221; button_two_border_width__hover_enabled=&#8221;off&#8221; button_one_border_color__hover_enabled=&#8221;on&#8221; button_one_border_color__hover=&#8221;#ffffff&#8221; button_two_border_color__hover_enabled=&#8221;on&#8221; button_two_border_color__hover=&#8221;#ffffff&#8221; button_one_border_radius__hover_enabled=&#8221;on&#8221; button_one_border_radius__hover=&#8221;0&#8243; button_two_border_radius__hover_enabled=&#8221;on&#8221; button_two_border_radius__hover=&#8221;0&#8243; button_one_letter_spacing__hover_enabled=&#8221;on&#8221; button_one_letter_spacing__hover=&#8221;2&#8243; button_two_letter_spacing__hover_enabled=&#8221;on&#8221; button_two_letter_spacing__hover=&#8221;2&#8243; button_one_bg_color__hover_enabled=&#8221;on&#8221; button_one_bg_color__hover=&#8221;#ffffff&#8221; button_two_bg_color__hover_enabled=&#8221;on&#8221; button_two_bg_color__hover=&#8221;#ffffff&#8221;]<\/p>\n<p>&nbsp;<\/p>\n<p>&nbsp;<\/p>\n<p>[\/et_pb_fullwidth_header][\/et_pb_section][et_pb_section fb_built=&#8221;1&#8243; _builder_version=&#8221;4.16&#8243; global_colors_info=&#8221;{}&#8221;][et_pb_row column_structure=&#8221;2_5,3_5&#8243; _builder_version=&#8221;4.27.4&#8243; _module_preset=&#8221;default&#8221; global_colors_info=&#8221;{}&#8221;][et_pb_column type=&#8221;2_5&#8243; _builder_version=&#8221;4.27.4&#8243; _module_preset=&#8221;default&#8221; global_colors_info=&#8221;{}&#8221;][et_pb_image src=&#8221;https:\/\/informaticala.udec.cl\/wp-content\/uploads\/2025\/12\/vinculacionch.jpg&#8221; alt=&#8221;Vinculaci\u00f3n con el Medio&#8221; title_text=&#8221;vinculacionch&#8221; _builder_version=&#8221;4.27.5&#8243; _module_preset=&#8221;default&#8221; border_radii=&#8221;on|20px|20px|20px|20px&#8221; global_colors_info=&#8221;{}&#8221;][\/et_pb_image][\/et_pb_column][et_pb_column type=&#8221;3_5&#8243; _builder_version=&#8221;4.27.4&#8243; _module_preset=&#8221;default&#8221; global_colors_info=&#8221;{}&#8221;][et_pb_heading title=&#8221;Unidad: Vinculaci\u00f3n con el Medio&#8221; _builder_version=&#8221;4.27.5&#8243; _module_preset=&#8221;8f9ef2fe-68bd-4edf-ad9f-df13208ba554&#8243; title_level=&#8221;h3&#8243; title_font=&#8221;&#8211;et_global_heading_font||||||||&#8221; title_font_size=&#8221;38px&#8221; custom_margin=&#8221;||19px|||&#8221; global_colors_info=&#8221;{}&#8221;][\/et_pb_heading][et_pb_text quote_border_color=&#8221;#0047ff&#8221; _builder_version=&#8221;4.27.5&#8243; _module_preset=&#8221;c0223b1b-8f72-46a5-82e9-87fb4f9ec015&#8243; text_font=&#8221;&#8211;et_global_body_font||||||||&#8221; link_text_color=&#8221;#0047ff&#8221; quote_text_color=&#8221;#0047ff&#8221; width=&#8221;99.2%&#8221; global_colors_info=&#8221;{}&#8221;]<\/p>\n<p><span>La <strong>Unidad de Vinculaci\u00f3n con el medio<\/strong> estar\u00e1 a cargo de conducir y coordinar la implementaci\u00f3n de la pol\u00edtica de vinculaci\u00f3n con el medio de la Universidad de Concepci\u00f3n en el Campus, conforme con lo dispuesto a este respecto por la Vicerrector\u00eda de Relaciones Institucionales y Vinculaci\u00f3n con el medio<\/span><\/p>\n<p>Depender\u00e1n de<a><span>\u00a0<\/span><\/a>La Unidad de Vinculaci\u00f3n con el Medio, las siguientes unidades operacionales:<\/p>\n<ul>\n<li><strong>Extensi\u00f3n acad\u00e9mica y cultural<\/strong><\/li>\n<li><strong>Vinculaci\u00f3n social y Ex alumnos<\/strong><\/li>\n<\/ul>\n<p>[\/et_pb_text][\/et_pb_column][\/et_pb_row][et_pb_row _builder_version=&#8221;4.27.4&#8243; _module_preset=&#8221;default&#8221; global_colors_info=&#8221;{}&#8221;][et_pb_column type=&#8221;4_4&#8243; _builder_version=&#8221;4.27.4&#8243; _module_preset=&#8221;default&#8221; global_colors_info=&#8221;{}&#8221;][et_pb_toggle title=&#8221;Contexto&#8221; icon_color=&#8221;#E09900&#8243; toggle_icon=&#8221;&#x4c;||divi||400&#8243; use_icon_font_size=&#8221;on&#8221; icon_font_size=&#8221;22px&#8221; open_use_icon_font_size=&#8221;on&#8221; open_icon_font_size=&#8221;22px&#8221; _builder_version=&#8221;4.27.5&#8243; _module_preset=&#8221;default&#8221; title_text_color=&#8221;#0C71C3&#8243; title_level=&#8221;h3&#8243; title_font=&#8221;|600|||||||&#8221; body_font_size=&#8221;16px&#8221; custom_margin=&#8221;||14px||false|false&#8221; animation_style=&#8221;bounce&#8221; title_font_size_tablet=&#8221;&#8221; title_font_size_phone=&#8221;14px&#8221; title_font_size_last_edited=&#8221;on|phone&#8221; border_radii=&#8221;on|20px|20px|20px|20px&#8221; global_colors_info=&#8221;{}&#8221;]<\/p>\n<p>El siglo XXI globaliza las sociedades, regiones y universidades, oblig\u00e1ndolas a unirse, a cooperar y confiar en sus capacidades para enfrentar exitosamente los nuevos problemas y desaf\u00edos que le plantea el desarrollo y el futuro cada vez m\u00e1s incierto.<\/p>\n<p>El complejo presente que vivimos y el futuro, que el fen\u00f3meno del cambio clim\u00e1tico ya lo avizora con riegos y amenazas, nos obliga a pensar y actuar estrat\u00e9gicamente, superando desconfianzas e intereses particulares. Nos obliga a reencontrar y resignificar los intereses y espacios comunes.<\/p>\n<p>La VRIM ha sido creada inteligentemente por la Universidad de Concepci\u00f3n para unir, articular esfuerzos de acad\u00e9micos y acad\u00e9micas, de investigadores, de estudiantes, de las facultades, sindicatos, centros de investigaci\u00f3n y administrativos que se sienten comprometidos con el destino de su regi\u00f3n y del pa\u00eds.<\/p>\n<p>[\/et_pb_toggle][et_pb_toggle title=&#8221;Funciones&#8221; icon_color=&#8221;#E09900&#8243; toggle_icon=&#8221;&#x4c;||divi||400&#8243; use_icon_font_size=&#8221;on&#8221; icon_font_size=&#8221;22px&#8221; open_use_icon_font_size=&#8221;on&#8221; open_icon_font_size=&#8221;22px&#8221; _builder_version=&#8221;4.27.5&#8243; _module_preset=&#8221;default&#8221; title_text_color=&#8221;#0C71C3&#8243; title_level=&#8221;h3&#8243; title_font=&#8221;|600|||||||&#8221; body_font_size=&#8221;16px&#8221; custom_margin=&#8221;||14px||false|false&#8221; animation_style=&#8221;bounce&#8221; title_font_size_tablet=&#8221;&#8221; title_font_size_phone=&#8221;14px&#8221; title_font_size_last_edited=&#8221;on|phone&#8221; border_radii=&#8221;on|20px|20px|20px|20px&#8221; global_colors_info=&#8221;{}&#8221;]<\/p>\n<div role=\"presentation\"><\/div>\n<p><span>La principal funci\u00f3n de la VRIM es proponer y aplicar estrategias y pol\u00edticas destinadas a atender las relaciones institucionales y de vinculaci\u00f3n de la Universidad de Concepci\u00f3n con el medio comunal, regional y nacional, destacando el car\u00e1cter p\u00fablico de la UdeC.<\/span><\/p>\n<p><span style=\"font-size: 16px;\">Ello se realizar\u00e1 mediante la planificaci\u00f3n y ejecuci\u00f3n tanto de iniciativas en el \u00e1mbito de sus competencias, como otorgando apoyo continuo a las originadas en las Facultades, Centros y Organismos universitarios y Los Campus de Chill\u00e1n y Los \u00c1ngeles, que est\u00e9n destinadas al servicio y desarrollo de la comunidad, impulsando una vinculaci\u00f3n efectiva y permanente con \u00e9sta.<\/span><\/p>\n<p><span style=\"font-size: 16px;\"><\/span><\/p>\n<ul>\n<li>Vincular el Campus con la Comunidad Local, Provincial, Regional, Nacional e Internacional.<\/li>\n<li>Generar y mantener la imagen corporativa de la Universidad de Concepci\u00f3n Campus Los \u00c1ngeles.<\/li>\n<li>\n<div role=\"presentation\">Organizar conferencias, seminarios y otros eventos sobre tem\u00e1ticas que contribuyan a vincular la Universidad con la comunidad.<span style=\"font-size: 16px;\"><\/span><\/div>\n<\/li>\n<\/ul>\n<p>[\/et_pb_toggle][\/et_pb_column][\/et_pb_row][et_pb_row _builder_version=&#8221;4.27.5&#8243; _module_preset=&#8221;default&#8221; global_colors_info=&#8221;{}&#8221;][et_pb_column type=&#8221;4_4&#8243; _builder_version=&#8221;4.27.5&#8243; _module_preset=&#8221;default&#8221; global_colors_info=&#8221;{}&#8221;][et_pb_button button_url=&#8221;https:\/\/alumni.udec.cl&#8221; url_new_window=&#8221;on&#8221; button_text=&#8221;Red alumni UdeC&#8221; button_alignment=&#8221;center&#8221; _builder_version=&#8221;4.27.5&#8243; _module_preset=&#8221;default&#8221; button_border_radius=&#8221;24px&#8221; global_colors_info=&#8221;{}&#8221;][\/et_pb_button][\/et_pb_column][\/et_pb_row][et_pb_row column_structure=&#8221;1_3,1_3,1_3&#8243; _builder_version=&#8221;4.27.5&#8243; _module_preset=&#8221;default&#8221; global_colors_info=&#8221;{}&#8221;][et_pb_column type=&#8221;1_3&#8243; _builder_version=&#8221;4.27.5&#8243; _module_preset=&#8221;default&#8221; global_colors_info=&#8221;{}&#8221;][et_pb_image src=&#8221;https:\/\/informaticala.udec.cl\/wp-content\/uploads\/2025\/12\/vincuch.jpg&#8221; alt=&#8221;Vinculaci\u00f3n con el medio&#8221; title_text=&#8221;Vinculaci\u00f3n con el medio&#8221; url=&#8221;https:\/\/calidad.udec.cl\/wp-content\/uploads\/2023\/06\/POLITICA_VRIM_UdeC-2021.pdf&#8221; url_new_window=&#8221;on&#8221; _builder_version=&#8221;4.27.5&#8243; _module_preset=&#8221;default&#8221; animation_style=&#8221;slide&#8221; border_radii=&#8221;on|20px|20px|20px|20px&#8221; global_colors_info=&#8221;{}&#8221;][\/et_pb_image][\/et_pb_column][et_pb_column type=&#8221;1_3&#8243; _builder_version=&#8221;4.27.5&#8243; _module_preset=&#8221;default&#8221; global_colors_info=&#8221;{}&#8221;][et_pb_image src=&#8221;https:\/\/informaticala.udec.cl\/wp-content\/uploads\/2025\/12\/voluntariado.jpg&#8221; alt=&#8221;Voluntariado UdeC&#8221; title_text=&#8221;Voluntariado UdeC&#8221; url=&#8221;https:\/\/voluntariado.udec.cl\/&#8221; url_new_window=&#8221;on&#8221; _builder_version=&#8221;4.27.5&#8243; _module_preset=&#8221;default&#8221; animation_style=&#8221;slide&#8221; border_radii=&#8221;on|20px|20px|20px|20px&#8221; global_colors_info=&#8221;{}&#8221;][\/et_pb_image][\/et_pb_column][et_pb_column type=&#8221;1_3&#8243; _builder_version=&#8221;4.27.5&#8243; _module_preset=&#8221;default&#8221; global_colors_info=&#8221;{}&#8221;][et_pb_image src=&#8221;https:\/\/informaticala.udec.cl\/wp-content\/uploads\/2025\/12\/VRIMUDEC.jpg&#8221; alt=&#8221;VRIMUDEC&#8221; title_text=&#8221;VRIMUDEC&#8221; url=&#8221;https:\/\/vrim.udec.cl\/&#8221; url_new_window=&#8221;on&#8221; _builder_version=&#8221;4.27.5&#8243; _module_preset=&#8221;default&#8221; animation_style=&#8221;slide&#8221; border_radii=&#8221;on|20px|20px|20px|20px&#8221; global_colors_info=&#8221;{}&#8221;][\/et_pb_image][\/et_pb_column][\/et_pb_row][et_pb_row _builder_version=&#8221;4.27.4&#8243; _module_preset=&#8221;default&#8221; global_colors_info=&#8221;{}&#8221;][et_pb_column type=&#8221;4_4&#8243; _builder_version=&#8221;4.27.4&#8243; _module_preset=&#8221;default&#8221; global_colors_info=&#8221;{}&#8221;][et_pb_text _builder_version=&#8221;4.27.4&#8243; _module_preset=&#8221;default&#8221; header_3_text_color=&#8221;#000000&#8243; custom_margin=&#8221;0px|0px|0px|0px|false|false&#8221; custom_padding=&#8221;0px|0px|0px|0px|false|false&#8221; text_text_color_tablet=&#8221;&#8221; text_text_color_phone=&#8221;&#8221; text_text_color_last_edited=&#8221;on|phone&#8221; header_font_size_phone=&#8221;16px&#8221; header_3_font_tablet=&#8221;&#8221; header_3_font_phone=&#8221;&#8211;et_global_heading_font|600|||||||&#8221; header_3_font_last_edited=&#8221;on|phone&#8221; header_3_font_size_phone=&#8221;27px&#8221; global_colors_info=&#8221;{}&#8221;]<\/p>\n<h3 class=\"font-weight-bold text-uppercase text-personal-academico\" style=\"text-align: center;\">Conoce al personal<\/h3>\n<p>[\/et_pb_text][\/et_pb_column][\/et_pb_row][et_pb_row column_structure=&#8221;1_3,1_3,1_3&#8243; _builder_version=&#8221;4.27.4&#8243; _module_preset=&#8221;default&#8221; locked=&#8221;off&#8221; global_colors_info=&#8221;{}&#8221;][et_pb_column type=&#8221;1_3&#8243; _builder_version=&#8221;4.27.4&#8243; _module_preset=&#8221;default&#8221; global_colors_info=&#8221;{}&#8221;][ba_advanced_team photo=&#8221;https:\/\/informaticala.udec.cl\/wp-content\/uploads\/2026\/01\/vinculacion-jefa.jpg&#8221; member_name=&#8221;Valeria P\u00e9rez Chavarr\u00eda&#8221; job_title=&#8221;Jefa Vinculaci\u00f3n&#8221; short_bio=&#8221;Fono: +56 432 405225&#8243; email=&#8221;vinculacionla@udec.cl&#8221; photo_width=&#8221;120px&#8221; photo_height=&#8221;120px&#8221; photo_alignment=&#8221;center&#8221; content_alignment=&#8221;center&#8221; social_icon_color=&#8221;#ffffff&#8221; links_bg=&#8221;#E09900&#8243; links_radius=&#8221;50px&#8221; overlay_icon=&#8221;&#x70;||divi||400&#8243; overlay_icon_color=&#8221;#FFFFFF&#8221; overlay_icon_size=&#8221;50px&#8221; overlay_icon_opacity=&#8221;0.24&#8243; overlay_color=&#8221;#0C71C3&#8243; _builder_version=&#8221;4.27.5&#8243; _module_preset=&#8221;default&#8221; name_font=&#8221;|700|||||||&#8221; name_text_color=&#8221;#0C71C3&#8243; name_font_size=&#8221;1rem&#8221; animation_style=&#8221;bounce&#8221; border_radii_photo=&#8221;on|100px|100px|100px|100px&#8221; global_colors_info=&#8221;{}&#8221;][\/ba_advanced_team][\/et_pb_column][et_pb_column type=&#8221;1_3&#8243; _builder_version=&#8221;4.27.4&#8243; _module_preset=&#8221;default&#8221; global_colors_info=&#8221;{}&#8221;][ba_advanced_team photo=&#8221;https:\/\/informaticala.udec.cl\/wp-content\/uploads\/2026\/01\/Alejandra-Robles.jpg&#8221; member_name=&#8221;Alejandra Robles Campos&#8221; job_title=&#8221;Encargada Extensi\u00f3n&#8221; short_bio=&#8221;Fono: +56 432 405225&#8243; email=&#8221;extensionla@udec.cl&#8221; photo_width=&#8221;120px&#8221; photo_height=&#8221;120px&#8221; photo_alignment=&#8221;center&#8221; content_alignment=&#8221;center&#8221; social_icon_color=&#8221;#ffffff&#8221; links_bg=&#8221;#E09900&#8243; links_radius=&#8221;50px&#8221; overlay_icon=&#8221;&#x70;||divi||400&#8243; overlay_icon_color=&#8221;#FFFFFF&#8221; overlay_icon_size=&#8221;50px&#8221; overlay_icon_opacity=&#8221;0.24&#8243; overlay_color=&#8221;#0C71C3&#8243; _builder_version=&#8221;4.27.5&#8243; _module_preset=&#8221;default&#8221; name_font=&#8221;|700|||||||&#8221; name_text_color=&#8221;#0C71C3&#8243; name_font_size=&#8221;1rem&#8221; animation_style=&#8221;bounce&#8221; border_radii_photo=&#8221;on|100px|100px|100px|100px&#8221; global_colors_info=&#8221;{}&#8221;][\/ba_advanced_team][\/et_pb_column][et_pb_column type=&#8221;1_3&#8243; _builder_version=&#8221;4.27.4&#8243; _module_preset=&#8221;default&#8221; global_colors_info=&#8221;{}&#8221;][ba_advanced_team photo=&#8221;https:\/\/informaticala.udec.cl\/wp-content\/uploads\/2026\/01\/anonimo.webp&#8221; member_name=&#8221;Secretaria &#8221; job_title=&#8221;Secretaria Unidad&#8221; short_bio=&#8221;Fono: +56 432 405225&#8243; email=&#8221;extensionla@udec.cl&#8221; photo_width=&#8221;120px&#8221; photo_height=&#8221;120px&#8221; photo_alignment=&#8221;center&#8221; content_alignment=&#8221;center&#8221; social_icon_color=&#8221;#ffffff&#8221; links_bg=&#8221;#E09900&#8243; links_radius=&#8221;50px&#8221; overlay_icon=&#8221;&#x70;||divi||400&#8243; overlay_icon_color=&#8221;#FFFFFF&#8221; overlay_icon_size=&#8221;50px&#8221; overlay_icon_opacity=&#8221;0.24&#8243; overlay_color=&#8221;#0C71C3&#8243; _builder_version=&#8221;4.27.6&#8243; _module_preset=&#8221;default&#8221; name_font=&#8221;|700|||||||&#8221; name_text_color=&#8221;#0C71C3&#8243; name_font_size=&#8221;1rem&#8221; animation_style=&#8221;bounce&#8221; hover_enabled=&#8221;0&#8243; border_radii_photo=&#8221;on|100px|100px|100px|100px&#8221; global_colors_info=&#8221;{}&#8221; sticky_enabled=&#8221;0&#8243;][\/ba_advanced_team][\/et_pb_column][\/et_pb_row][et_pb_row column_structure=&#8221;1_4,1_4,1_4,1_4&#8243; _builder_version=&#8221;4.27.4&#8243; _module_preset=&#8221;default&#8221; background_color=&#8221;rgba(199,213,237,0.55)&#8221; border_radii=&#8221;on|20px|20px|20px|20px&#8221; locked=&#8221;off&#8221; global_colors_info=&#8221;{}&#8221;][et_pb_column type=&#8221;1_4&#8243; _builder_version=&#8221;4.25.2&#8243; _module_preset=&#8221;default&#8221; global_colors_info=&#8221;{}&#8221;][et_pb_blurb title=&#8221;Vis\u00edtanos&#8221; use_icon=&#8221;on&#8221; font_icon=&#8221;&#xf3c5;||fa||900&#8243; icon_color=&#8221;#E09900&#8243; _builder_version=&#8221;4.27.4&#8243; _module_preset=&#8221;336f118a-5127-42e4-a3d9-e2cedd5a32b3&#8243; header_font=&#8221;Poppins||||||||&#8221; header_text_color=&#8221;#002e5a&#8221; body_font=&#8221;&#8211;et_global_body_font||||||||&#8221; body_text_color=&#8221;#002e5a&#8221; global_colors_info=&#8221;{%22gcid-d7cd5a78-aaef-4f36-82a3-4d3706015cba%22:%91%22link_text_color%22,%22link_text_color%22,%22link_text_color%22%93,%22gcid-1f1b4e15-7cc6-4e13-8154-74d77a956460%22:%91%22link_text_color%22,%22quote_text_color%22,%22quote_border_color%22,%22link_text_color%22,%22quote_text_color%22,%22quote_border_color%22%93}&#8221;]<\/p>\n<p><span>Juan Antonio Coloma #0201<br \/><\/span><span>Los \u00c1ngeles \/ Chile<\/span><\/p>\n<p>[\/et_pb_blurb][\/et_pb_column][et_pb_column type=&#8221;1_4&#8243; _builder_version=&#8221;4.25.2&#8243; _module_preset=&#8221;default&#8221; global_colors_info=&#8221;{}&#8221;][et_pb_blurb title=&#8221;Fono&#8221; use_icon=&#8221;on&#8221; font_icon=&#8221;&#xe090;||divi||400&#8243; icon_color=&#8221;#002e5a&#8221; _builder_version=&#8221;4.27.5&#8243; _module_preset=&#8221;336f118a-5127-42e4-a3d9-e2cedd5a32b3&#8243; header_font=&#8221;&#8211;et_global_body_font||||||||&#8221; header_text_color=&#8221;#002e5a&#8221; body_text_color=&#8221;#002e5a&#8221; locked=&#8221;off&#8221; global_colors_info=&#8221;{%22gcid-d7cd5a78-aaef-4f36-82a3-4d3706015cba%22:%91%22link_text_color%22,%22link_text_color%22,%22link_text_color%22%93,%22gcid-1f1b4e15-7cc6-4e13-8154-74d77a956460%22:%91%22link_text_color%22,%22quote_text_color%22,%22quote_border_color%22,%22link_text_color%22,%22quote_text_color%22,%22quote_border_color%22%93}&#8221;]<\/p>\n<p><a href=\"+56%2043 2405225\" target=\"_blank\" rel=\"noopener\"><span>+56 43 2405225<\/span><\/a><\/p>\n<p>[\/et_pb_blurb][\/et_pb_column][et_pb_column type=&#8221;1_4&#8243; _builder_version=&#8221;4.25.2&#8243; _module_preset=&#8221;default&#8221; global_colors_info=&#8221;{}&#8221;][et_pb_blurb title=&#8221;Email&#8221; use_icon=&#8221;on&#8221; font_icon=&#8221;&#xe076;||divi||400&#8243; icon_color=&#8221;gcid-4c79ba3d-a281-4fb6-9b14-02f9a4c793f2&#8243; _builder_version=&#8221;4.27.5&#8243; _module_preset=&#8221;336f118a-5127-42e4-a3d9-e2cedd5a32b3&#8243; header_text_color=&#8221;#002e5a&#8221; body_font=&#8221;&#8211;et_global_body_font||||||||&#8221; body_text_color=&#8221;#002e5a&#8221; body_link_font=&#8221;&#8211;et_global_body_font||||||||&#8221; body_link_text_color=&#8221;#002e5a&#8221; locked=&#8221;off&#8221; global_colors_info=&#8221;{%22gcid-d7cd5a78-aaef-4f36-82a3-4d3706015cba%22:%91%22link_text_color%22,%22link_text_color%22,%22link_text_color%22%93,%22gcid-1f1b4e15-7cc6-4e13-8154-74d77a956460%22:%91%22link_text_color%22,%22quote_text_color%22,%22quote_border_color%22,%22link_text_color%22,%22quote_text_color%22,%22quote_border_color%22%93,%22gcid-4c79ba3d-a281-4fb6-9b14-02f9a4c793f2%22:%91%22icon_color%22%93}&#8221;]<\/p>\n<p><span><a href=\"mailto:vinculacionla@udec.cl\">vinculacionla@udec.cl<\/a><a href=\"mailto:vinculacionla@udec.cl\" target=\"_blank\" rel=\"noopener\"><\/a><\/span><\/p>\n<p><a href=\"mailto:extensionla@udec.cl\"><span>extensionla@udec.cl<\/span><\/a><\/p>\n<p><a href=\"mailto:exalumnosla@udec.cl\" target=\"_blank\" rel=\"noopener\"><span>exalumnosla@udec.cl<\/span><\/a><\/p>\n<p>[\/et_pb_blurb][\/et_pb_column][et_pb_column type=&#8221;1_4&#8243; _builder_version=&#8221;4.25.2&#8243; _module_preset=&#8221;default&#8221; global_colors_info=&#8221;{}&#8221;][et_pb_blurb title=&#8221;Horario&#8221; use_icon=&#8221;on&#8221; font_icon=&#8221;&#x7d;||divi||400&#8243; icon_color=&#8221;gcid-4c79ba3d-a281-4fb6-9b14-02f9a4c793f2&#8243; _builder_version=&#8221;4.27.5&#8243; _module_preset=&#8221;336f118a-5127-42e4-a3d9-e2cedd5a32b3&#8243; header_text_color=&#8221;#002e5a&#8221; body_font=&#8221;&#8211;et_global_body_font||||||||&#8221; body_text_color=&#8221;#002e5a&#8221; body_link_font=&#8221;&#8211;et_global_body_font||||||||&#8221; body_link_text_color=&#8221;#002e5a&#8221; locked=&#8221;off&#8221; global_colors_info=&#8221;{%22gcid-d7cd5a78-aaef-4f36-82a3-4d3706015cba%22:%91%22link_text_color%22,%22link_text_color%22,%22link_text_color%22%93,%22gcid-1f1b4e15-7cc6-4e13-8154-74d77a956460%22:%91%22link_text_color%22,%22quote_text_color%22,%22quote_border_color%22,%22link_text_color%22,%22quote_text_color%22,%22quote_border_color%22%93,%22gcid-4c79ba3d-a281-4fb6-9b14-02f9a4c793f2%22:%91%22icon_color%22%93}&#8221;]<\/p>\n<p>Lunes a Viernes<br \/>8:30 a 17:00.<\/p>\n<p>[\/et_pb_blurb][\/et_pb_column][\/et_pb_row][\/et_pb_section][et_pb_section fb_built=&#8221;1&#8243; _builder_version=&#8221;4.27.5&#8243; _module_preset=&#8221;f66a0dc0-0499-4e50-90c7-88d4028cdccb&#8221; background_image=&#8221;https:\/\/informaticala.udec.cl\/wp-content\/uploads\/2025\/12\/fvinculacion.jpg&#8221; parallax=&#8221;on&#8221; height=&#8221;300px&#8221; custom_margin=&#8221;0px|0px|0px|0px|false|false&#8221; locked=&#8221;off&#8221;][\/et_pb_section]<\/p>\n","protected":false},"excerpt":{"rendered":"<p>&nbsp; &nbsp;La Unidad de Vinculaci\u00f3n con el medio estar\u00e1 a cargo de conducir y coordinar la implementaci\u00f3n de la pol\u00edtica de vinculaci\u00f3n con el medio de la Universidad de Concepci\u00f3n [&hellip;]<\/p>\n","protected":false},"author":1,"featured_media":0,"parent":0,"menu_order":0,"comment_status":"closed","ping_status":"closed","template":"","meta":{"_et_pb_use_builder":"on","_et_pb_old_content":"","_et_gb_content_width":"","footnotes":""},"class_list":["post-280887","page","type-page","status-publish","hentry"],"_links":{"self":[{"href":"https:\/\/informaticala.udec.cl\/index.php\/wp-json\/wp\/v2\/pages\/280887","targetHints":{"allow":["GET"]}}],"collection":[{"href":"https:\/\/informaticala.udec.cl\/index.php\/wp-json\/wp\/v2\/pages"}],"about":[{"href":"https:\/\/informaticala.udec.cl\/index.php\/wp-json\/wp\/v2\/types\/page"}],"author":[{"embeddable":true,"href":"https:\/\/informaticala.udec.cl\/index.php\/wp-json\/wp\/v2\/users\/1"}],"replies":[{"embeddable":true,"href":"https:\/\/informaticala.udec.cl\/index.php\/wp-json\/wp\/v2\/comments?post=280887"}],"version-history":[{"count":14,"href":"https:\/\/informaticala.udec.cl\/index.php\/wp-json\/wp\/v2\/pages\/280887\/revisions"}],"predecessor-version":[{"id":283690,"href":"https:\/\/informaticala.udec.cl\/index.php\/wp-json\/wp\/v2\/pages\/280887\/revisions\/283690"}],"wp:attachment":[{"href":"https:\/\/informaticala.udec.cl\/index.php\/wp-json\/wp\/v2\/media?parent=280887"}],"curies":[{"name":"wp","href":"https:\/\/api.w.org\/{rel}","templated":true}]}}